 13376?
7
What is the ten thousands digit of 72027?
7
What is the ten thousands digit of 48023?
4
What is the tens digit of 2350?
5
What is the thousands digit of 2554?
2
What is the ten thousands digit of 28717?
2
What is the thousands digit of 23123?
3
What is the thousands digit of 11771?
1
What is the thousands digit of 1029?
1
What is the hundreds digit of 480?
4
What is the tens digit of 1269?
6
What is the tens digit of 997?
9
What is the tens digit of 716?
1
What is the hundreds digit of 9484?
4
What is the tens digit of 9631?
3
What is the units digit of 29043?
3
What is the tens digit of 338?
3
What is the tens digit of 350?
5
What is the thousands digit of 2612?
2
What is the tens digit of 123295?
9
What is the units digit of 7836?
6
What is the tens digit of 2968?
6
What is the units digit of 17640?
0
What is the hundreds digit of 748?
7
What is the units digit of 6290?
0
What is the units digit of 358?
8
What is the units digit of 819?
9
What is the tens digit of 784?
8
What is the tens digit of 1917?
1
What is the thousands digit of 4407?
4
What is the hundreds digit of 1129?
1
What is the tens digit of 1138?
3
What is the tens digit of 6597?
9
What is the ten thousands digit of 11044?
1
What is the thousands digit of 6929?
6
What is the tens digit of 58844?
4
What is the hundreds digit of 25928?
9
What is the tens digit of 2196?
9
What is the ten thousands digit of 41020?
4
What is the tens digit of 61?
6
What is the hundreds digit of 3291?
2
What is the units digit of 4497?
7
What is the hundreds digit of 75945?
9
What is the tens digit of 540?
4
What is the tens digit of 1632?
3
What is the hundreds digit of 84690?
6
What is the hundreds digit of 720?
7
What is the thousands digit of 1649?
1
What is the ten thousands digit of 35934?
3
What is the hundreds digit of 193?
1
What is the thousands digit of 103397?
3
What is the units digit of 246?
6
What is the tens digit of 222?
2
What is the tens digit of 5212?
1
What is the tens digit of 20912?
1
What is the tens digit of 21929?
2
What is the tens digit of 2456?
5
What is the hundreds digit of 6343?
3
What is the hundreds digit of 1330?
3
What is the units digit of 6597?
7
What is the units digit of 86857?
7
What is the units digit of 16533?
3
What is the tens digit of 8380?
8
What is the tens digit of 2541?
4
What is the thousands digit of 5943?
5
What is the units digit of 387?
7
What is the ten thousands digit of 36371?
3
What is the tens digit of 4188?
8
What is the ten thousands digit of 14748?
1
What is the ten thousands digit of 37971?
3
What is the tens digit of 12245?
4
What is the thousands digit of 3695?
3
What is the units digit of 642?
2
What is the thousands digit of 6874?
6
What is the tens digit of 8803?
0
What is the tens digit of 9202?
0
What is the tens digit of 326?
2
What is the units digit of 13681?
1
What is the tens digit of 18359?
5
What is the hundreds digit of 147768?
7
What is the hundreds digit of 14469?
4
What is the thousands digit of 1636?
1
What is the thousands digit of 28119?
8
What is the units digit of 481?
1
What is the tens digit of 117579?
7
What is the tens digit of 140?
4
What is the units digit of 5819?
9
What is the units digit of 445?
5
What is the tens digit of 2147?
4
What is the thousands digit of 2396?
2
What is the hundreds digit of 36581?
5
What is the units digit of 11606?
6
What is the hundreds digit of 2043?
0
What is the hundreds digit of 617?
6
What is the units digit of 56078?
8
What is the thousands digit of 1711?
1
What is the tens digit of 117774?
7
What is the units digit of 381?
1
What is the units digit of 16543?
3
What is the hundreds digit of 24886?
8
What is the units digit of 24097?
7
What is the thousands digit of 4131?
4
What is the tens digit of 3527?
2
What is the units digit of 57?
7
What is the thousands digit of 65760?
5
What is the units digit of 789?
9
What is the tens digit of 487?
8
What is the tens digit of 29514?
1
What is the hundreds digit of 99654?
6
What is the tens digit of 1577?
7
What is the hundreds digit of 91474?
4
What is the ten thousands digit of 10313?
1
What is the units digit of 25995?
5
What is the units digit of 884?
4
What is the thousands digit of 4390?
4
What is the hundreds digit of 883?
8
What is the thousands digit of 7090?
7
What is the units digit of 4929?
9
What is the thousands digit of 3541?
3
What is the thousands digit of 1630?
1
What is the thousands digit of 16637?
6
What is the hundreds digit of 201?
2
What is the hundreds digit of 2674?
6
What is the thousands digit of 57165?
7
What is the ten thousands digit of 35837?
3
What is the tens digit of 1595?
9
What is the units digit of 756?
6
What is the tens digit of 7885?
8
What is the units digit of 223?
3
What is the hundreds digit of 841?
8
What is the tens digit of 4266?
6
What is the tens digit of 24306?
0
What is the units digit of 16696?
6
What is the units digit of 22346?
6
What is the thousands digit of 5974?
5
What is the ten thousands digit of 90792?
9
What is the units digit of 29330?
0
What is the units digit of 8411?
1
What is the thousands digit of 1780?
1
What is the thousands digit of 1157?
1
What is the units digit of 4093?
3
What is the units digit of 7479?
9
What is the tens digit of 15035?
3
What is the ten thousands digit of 17252?
1
What is the tens digit of 8456?
5
What is the units digit of 323?
3
What is the ten thousands digit of 64743?
6
What is the tens digit of 10940?
4
What is the hundreds digit of 8135?
1
What is the thousands digit of 49520?
9
What is the hundreds digit of 1621?
6
What is the tens digit of 1745?
4
What is the ten thousands digit of 57195?
5
What is the ten thousands digit of 20270?
2
What is the units digit of 2647?
7
What is the thousands digit of 5745?
5
What is the tens digit of 27339?
3
What is the units digit of 2521?
1
What is the units digit of 51?
1
What is the units digit of 563?
3
What is the thousands digit of 10352?
0
What is the tens digit of 1089?
8
What is the thousands digit of 78693?
8
What is the hundreds digit of 58725?
7
What is the ten thousands digit of 64906?
6
What is the units digit of 36375?
5
What is the thousands digit of 57058?
7
What is the ten thousands digit of 10897?
1
What is the tens digit of 470?
7
What is the units digit of 20766?
6
What is the units digit of 12?
2
What is the tens digit of 144569?
6
What is the units digit of 30632?
2
What is the thousands digit of 9174?
9
What is the units digit of 179290?
0
What is the thousands digit of 2765?
2
What is the units digit of 4239?
9
What is the hundreds digit of 829?
8
What is the hundreds digit of 788?
7
What is the units digit of 14844?
4
What is the units digit of 19818?
8
What is the thousands digit of 1463?
1
What is the units digit of 79?
9
What is the tens digit of 7328?
2
What is the units digit of 4134?
4
What is the thousands digit of 1777?
1
What is the tens digit of 505?
0
What is the tens digit of 15005?
0
What is the tens digit of 1088?
8
What is the thousands digit of 3553?
3
What is the tens digit of 13632?
3
What is the thousands digit of 5723?
5
What is the units digit of 3740?
0
What is the units digit of 45525?
5
What is the units digit of 4037?
7
What is the ten thousands digit of 25317?
2
What is the ten thousands digit of 24780?
2
What is the hundreds digit of 82969?
9
What is the hundreds digit of 2115?
1
What is the units digit of 758?
8
What is the thousands digit of 7907?
7
What is the ten thousands digit of 63176?
6
What is the tens digit of 28442?
4
What is the units digit of 2032?
2
What is the units digit of 4659?
9
What is the units digit of 2050?
0
What is the units digit of 14255?
5
What is the tens digit of 24752?
5
What is the tens digit of 360?
6
What is the thousands digit of 3902?
3
What is the tens digit of 67720?
2
What is the ten thousands digit of 115389?
1
What is the tens digit of 424?
2
What is the hundreds digit of 56701?
7
What is the units digit of 3752?
2
What is the thousands digit of 16022?
6
What is the units digit of 32424?
4
What is the hundreds digit of 51898?
8
What is the units digit of 6530?
0
What is the units digit of 1253?
3
What is the thousands digit of 1622?
1
What is the units digit of 449?
9
What is the hundreds 